ulate the remainder when 697827 is divided by 77.
53
Calculate the remainder when 318995 is divided by 45553.
124
What is the remainder when 2502034 is divided by 416997?
52
What is the remainder when 12866401 is divided by 347?
335
What is the remainder when 32874 is divided by 16287?
300
Calculate the remainder when 2545327 is divided by 90.
37
Calculate the remainder when 254348 is divided by 3064.
36
Calculate the remainder when 140117 is divided by 4119.
71
Calculate the remainder when 1109084 is divided by 460.
24
What is the remainder when 101936478 is divided by 10280?
10278
Calculate the remainder when 4568343 is divided by 832.
663
What is the remainder when 735853 is divided by 4088?
13
Calculate the remainder when 642941 is divided by 321467.
7
What is the remainder when 6627709 is divided by 368?
29
What is the remainder when 552236 is divided by 180?
176
Calculate the remainder when 514352 is divided by 190.
22
Calculate the remainder when 2649863 is divided by 971.
4
Calculate the remainder when 13714330 is divided by 834.
34
Calculate the remainder when 30322778 is divided by 1358.
1354
What is the remainder when 19526599 is divided by 72?
55
Calculate the remainder when 3783366 is divided by 719.
707
What is the remainder when 678943 is divided by 150?
43
Calculate the remainder when 62434184 is divided by 6937130.
14
What is the remainder when 502316 is divided by 20181?
17972
What is the remainder when 7079497 is divided by 63?
61
Calculate the remainder when 6588824 is divided by 346775.
99
Calculate the remainder when 459332 is divided by 315.
62
What is the remainder when 64436487 is divided by 10739408?
39
What is the remainder when 6436627 is divided by 591?
46
Calculate the remainder when 4834781 is divided by 5057.
289
What is the remainder when 16313807 is divided by 84?
83
Calculate the remainder when 40608704 is divided by 614.
586
What is the remainder when 334147 is divided by 329562?
4585
What is the remainder when 12159460 is divided by 450334?
442
What is the remainder when 1946775 is divided by 278086?
173
What is the remainder when 675412 is divided by 11161?
5752
Calculate the remainder when 35857 is divided by 1272.
241
Calculate the remainder when 41292898 is divided by 2.
0
Calculate the remainder when 10321 is divided by 1272.
145
What is the remainder when 136948 is divided by 136336?
612
What is the remainder when 1116806 is divided by 3698?
10
Calculate the remainder when 7776042 is divided by 714.
582
What is the remainder when 6414613 is divided by 2138200?
13
What is the remainder when 29808 is divided by 3822?
3054
Calculate the remainder when 3835 is divided by 426.
1
What is the remainder when 80792868 is divided by 26930956?
0
Calculate the remainder when 7800 is divided by 322.
72
What is the remainder when 10607303 is divided by 12?
11
Calculate the remainder when 245063 is divided by 11043.
2117
What is the remainder when 3983066 is divided by 130?
126
Calculate the remainder when 3094711 is divided by 608.
599
Calculate the remainder when 37217 is divided by 6200.
17
Calculate the remainder when 21659612 is divided by 85.
82
What is the remainder when 1438308 is divided by 94?
14
What is the remainder when 16914463 is divided by 57?
55
Calculate the remainder when 13195802 is divided by 2253.
2234
What is the remainder when 74328153 is divided by 55?
53
Calculate the remainder when 1592130 is divided by 199006.
82
Calculate the remainder when 2897192 is divided by 485.
287
Calculate the remainder when 13474842 is divided by 2205.
87
Calculate the remainder when 3519391 is divided by 3519391.
0
What is the remainder when 599709 is divided by 149905?
89
Calculate the remainder when 1766241 is divided by 2652.
9
What is the remainder when 15260437 is divided by 2543404?
13
What is the remainder when 65360019 is divided by 55?
54
Calculate the remainder when 813504 is divided by 12108.
2268
Calculate the remainder when 1361179 is divided by 509.
113
Calculate the remainder when 101099 is divided by 201.
197
What is the remainder when 359256 is divided by 284?
280
Calculate the remainder when 2652136 is divided by 39002.
0
What is the remainder when 6251091 is divided by 694564?
15
Calculate the remainder when 132755 is divided by 11641.
4704
Calculate the remainder when 5131410 is divided by 47.
44
What is the remainder when 11146393 is divided by 10896?
10681
Calculate the remainder when 14167773 is divided by 131183.
9
What is the remainder when 44575562 is divided by 2953?
27
Calculate the remainder when 523123 is divided by 5133.
4690
Calculate the remainder when 68978 is divided by 6247.
261
Calculate the remainder when 17631256 is divided by 279861.
13
Calculate the remainder when 8334 is divided by 688.
78
What is the remainder when 132403372 is divided by 20?
12
Calculate the remainder when 1323148 is divided by 789.
784
What is the remainder when 52306297 is divided by 176?
153
What is the remainder when 69481394 is divided by 109?
107
Calculate the remainder when 20373 is divided by 1054.
347
Calculate the remainder when 113221832 is divided by 612.
608
What is the remainder when 123069806 is divided by 24613959?
11
What is the remainder when 252702 is divided by 42104?
78
Calculate the remainder when 951910 is divided by 20.
10
Calculate the remainder when 927111 is divided by 132224.
1543
What is the remainder when 45434 is divided by 207?
101
Calculate the remainder when 638636 is divided by 45572.
628
What is the remainder when 6664849 is divided by 455?
9
What is the remainder when 43244772 is divided by 1575?
1572
Calculate the remainder when 5570479 is divided by 12.
7
What is the remainder when 133482 is divided by 4943?
21
Calculate the remainder when 289390329 is divided by 44.
41
What is the remainder when 2946861 is divided by 381?
207
What is the remainder when 37849073 is divided by 1454?
1453
What is the remainder when 502353195 is divided by 1026?
1023
Calculate the remainder when 21214760 is divided by 4629.
53
Calculate the remainder when 14605 is divided by 1355.
1055
Calculate the remainder when 11264407 is divided by 387.
385
Calculate the remainder when 123980051 is divided by 1248.
1235
What is the remainder when 79453 is divided by 1040?
413
What is the remainder when 166888 is divided by 1800?
1288
Calculate the remainder when 4910082 is divided by 12.
6
Calculate the remainder when 528334 is divided by 40640.
14
Calculate the remainder when 160170 is divided by 1033.
55
Calculate the remainder when 7787688 is divided by 134.
10
Calculate the remainder when 11932575 is divided by 968.
39
What is the remainder when 2997061 is divided by 999014?
19
What is the remainder when 190854 is divided by 613?
211
Calculate the remainder when 25571 is divided by 1967.
0
What is the remainder when 621335 is divided by 11542?
9609
Calculate the remainder when 428339 is divided by 450.
389
What is the remainder when 1016403 is divided by 1675?
1353
Calculate the remainder when 4090302 is divided by 1409.
1384
What is the remainder when 1888199862 is divided by 6671?
6667
What is the remainder when 3264151 is divided by 1032?
967
What is the remainder when 33659 is divided by 3701?
350
What is the remainder when 7966318 is divided by 1439?
14
Calculate the remainder when 748791 is divided by 24.
15
What is the remainder when 3019733 is divided by 3075?
83
Calculate the remainder when 191015004 is divided by 810.
804
Calculate the remainder when 122318 is divided by 6391.
889
Calculate the remainder when 60362 is divided by 1768.
250
What is the remainder when 15223825 is divided by 2320?
2305
Calculate the remainder when 4129017 is divided by 825803.
2
What is the remainder when 1618977 is divided by 7008?
129
What is the remainder when 7006856 is divided by 109?
9
What is the remainder when 633697 is divided by 14?
1
Calculate the remainder when 15808728 is divided by 5703.
12
What is the remainder when 20077317 is divided by 356?
341
What is the remainder when 14539534 is divided by 25?
9
Calculate the remainder when 15053702 is divided by 2465.
2412
What is the remainder when 3375100 is divided by 67?
42
What is the remainder when 832878 is divided by 408?
150
What i